s 135 - -1295?
1430
In base 15, what is 253 - 45?
20d
In base 15, what is -20 - b323?
-b343
In base 10, what is -727 + -445?
-1172
In base 14, what is -22 + -14b6?
-14d8
In base 16, what is 21 - -2600?
2621
In base 9, what is -2732 + 130?
-2602
In base 9, what is 63883 - 1?
63882
In base 3, what is 1211210 + -2112?
1202021
In base 16, what is -21e3f - 3?
-21e42
In base 14, what is -31 - -9a?
69
In base 13, what is 2 + -23014?
-23012
In base 3, what is -21122001200 - 12?
-21122001212
In base 16, what is 11 - -15632?
15643
In base 5, what is -22222400 + -3?
-22222403
In base 13, what is -159a7 + -2?
-159a9
In base 11, what is 0 - 5958?
-5958
In base 10, what is -62 - 6387?
-6449
In base 14, what is -8d3 + a?
-8c7
In base 6, what is -5200203 + 0?
-5200203
In base 8, what is 2 + -21621?
-21617
In base 9, what is 107 - -176?
284
In base 7, what is 0 - 405465?
-405465
In base 13, what is 4 + 51bc?
51c3
In base 6, what is -244 - -31041?
30353
In base 10, what is -1020 + 147?
-873
In base 9, what is -3 - -36625?
36622
In base 15, what is -15 - 72b?
-741
In base 10, what is 1186 - 49?
1137
In base 13, what is 5 - 6a689?
-6a684
In base 4, what is -103023310031 - 3?
-103023310100
In base 6, what is -1154154 - 52?
-1154250
In base 6, what is -13 - -12522?
12505
In base 7, what is -140 + 51040?
50600
In base 7, what is 4555131 - 2?
4555126
In base 10, what is -319 - 2974?
-3293
In base 8, what is 3 + 7511413?
7511416
In base 2, what is 1 + -10001000011110?
-10001000011101
In base 10, what is 1057 - 19?
1038
In base 6, what is -5 - 244250?
-244255
In base 3, what is 22 - 2020112101?
-2020112002
In base 12, what is a573 - 6?
a569
In base 14, what is -4b - 1359?
-13a6
In base 14, what is -1cd - 9c?
-28b
In base 13, what is 975bb + 3?
975c1
In base 7, what is -1626000 + 6?
-1625661
In base 12, what is -66 + -326?
-390
In base 10, what is 0 - 13166?
-13166
In base 7, what is 2 + -65466?
-65464
In base 2, what is -101 + 100110111011101010?
100110111011100101
In base 4, what is 12113 + -1102?
11011
In base 6, what is -2405153 + -20?
-2405213
In base 2, what is -10001110001100010111 - -11?
-10001110001100010100
In base 6, what is -255352 + 1?
-255351
In base 8, what is -3 - -76664?
76661
In base 3, what is 211 + -221221?
-221010
In base 2, what is -101 + -10111001010110011?
-10111001010111000
In base 6, what is 443 - 1241?
-354
In base 4, what is 10 - -22110?
22120
In base 4, what is -1233200201 + 0?
-1233200201
In base 2, what is -10 + 1011001000001?
1011000111111
In base 5, what is 20232 - -40?
20322
In base 15, what is -5 + -20a9c?
-20aa2
In base 3, what is 10 - -2101022?
2101102
In base 2, what is -110111110000 - 11111?
-111000001111
In base 3, what is -12 - 101201002?
-101201021
In base 13, what is 3 + -9b584?
-9b581
In base 11, what is 4 + -212a53?
-212a4a
In base 15, what is -1cb4 - 19c?
-1e61
In base 9, what is -7216 + -8?
-7225
In base 5, what is -142131 + -3?
-142134
In base 12, what is -4 + -5289a?
-528a2
In base 12, what is 113 + -4a08?
-48b5
In base 9, what is 41 + -4723?
-4672
In base 3, what is -112 - 22002211?
-22010100
In base 9, what is -11 + 73421?
73410
In base 10, what is 8 + -17601?
-17593
In base 16, what is -fea - 6?
-ff0
In base 16, what is 4ae + 452?
900
In base 12, what is -53 - 22?
-75
In base 12, what is 2ab - 107?
1a4
In base 14, what is -2b047a - 4?
-2b0480
In base 16, what is 7b1 - -1a8?
959
In base 10, what is 15136 + 9?
15145
In base 2, what is 100111101111110 - -1010100?
100111111010010
In base 7, what is 161 - 10300?
-10106
In base 8, what is -2 - 1134?
-1136
In base 8, what is 7160 - -132?
7312
In base 10, what is 1024 + -2056?
-1032
In base 6, what is 4 + 253433?
253441
In base 10, what is -7 + 116087?
116080
In base 11, what is -4 + 37422?
37419
In base 15, what is -2 - -18d311?
18d30e
In base 12, what is -4 + -2a5460?
-2a5464
In base 5, what is 2040434131 + -3?
2040434123
In base 7, what is -11 - 14665?
-15006
In base 8, what is 3073142 - 1?
3073141
In base 6, what is 1042045 - 10?
1042035
In base 11, what is -719 + 74?
-655
In base 11, what is -288 + -531?
-809
In base 2, what is 10111 + -110001000001?
-110000101010
In base 6, what is -43240155 + 5?
-43240150
In base 10, what is 48845 + -10?
48835
In base 16, what is 163 + -236d?
-220a
In base 12, what is -52a - 29?
-557
In base 14, what is 59b8 + 2d?
5a07
In base 8, what is 2 - -12616?
12620
In base 9, what is 5 + 12682?
12687
In base 5, what is -31304344 + -30?
-31304424
In base 5, what is -24301 + 2?
-24244
In base 3, what is -100 - 121101012?
-121101112
In base 12, what is 23910 - -14?
23924
In base 11, what is 140 - -973?
1003
In base 9, what is 6 - 841614?
-841607
In base 3, what is -200111 - -1012?
-122022
In base 7, what is -23 + 136615?
136562
In base 11, what is 297 - 94?
203
In base 8, what is 4 + 5377?
5403
In base 16, what is -2376 + 2?
-2374
In base 4, what is -10220032 + -1001?
-10221033
In base 15, what is -22e63 + -3?
-22e66
In base 12, what is -2 + -511b?
-5121
In base 5, what is -1 + -40312?
-40313
In base 15, what is b + -193a?
-192e
In base 11, what is -87 - 3?
-8a
In base 13, what is -1a37 + 11?
-1a26
In base 8, what is -1 - 1012761?
-1012762
In base 8, what is -174432 - 30?
-174462
In base 3, what is -20110110 + 0?
-20110110
In base 10, what is -3 + 96646?
96643
In base 11, what is 297 - -455?
741
In base 8, what is -2 + -16240?
-16242
In base 11, what is -118a6 + 60?
-11846
In base 15, what is 63 - -6b?
ce
In base 14, what is -108ca + 5?
-108c5
In base 8, what is 435 - -21112?
21547
In base 2, what is 1001010 + 100110100100010?
100110101101100
In base 12, what is -4 + 235b3?
235ab
In base 6, what is -200151 + 43?
-200104
In base 13, what is c3736 - 0?
c3736
In base 7, what is 1132132 - -5?
1132140
In base 15, what is 3de + -1b1?
22d
In base 8, what is 15 - -33466?
33503
In base 3, what is -100 - -10211220?
10211120
In base 3, what is -102020 + 12?
-102001
In base 8, what is -7414 - -23?
-7371
In base 10, what is 11 - -2876?
2887
In base 7, what is -4222 + -5?
-4230
In base 6, what is 100 - 212314?
-212214
In base 5, what is -41 + 31014?
30423
In base 8, what is 2 + 45104?
45106
In base 2, what is 110010110011 + 10101110?
110101100001
In base 16, what is -3 - e86a?
-e86d
In base 7, what is 1 + 44524?
44525
In base 10, what is -156214 + 4?
-156210
In base 4, what is 13 + 212221?
212300
In base 10, what is 9 + 4242?
4251
In base 16, what is 31be2 + 3?
31be5
In base 6, what is -240524 + 54?
-240430
In base 8, what is -1642420 - -4?
-1642414
In base 8, what is 5 - -663072?
663077
In base 8, what is -14762 + -304?
-15266
In base 12, what is a + 9699?
96a7
In base 12, what is 80 - -2675?
2735
In base 4, what is 1131203101 + -11?
1131203030
In base 5, what is 10010130 + -2?
10010123
In base 5, what is -22 + -2433?
-3010
In base 11, what is -186 + -581?
-757
In base 8, what is 3 + 33677?
33702
In base 11, what is 1a - 6361?
-6342
In base 9, what is -143 + 663?
520
In base 7, what is 3324 + 106?
3433
In base 7, what is -3561 - 10543?
-14434
In base 8, what is -224 + -2055?
-2301
In base 5, what is -332421 + -4?
-332430
In base 16, what is -a6 - -29?
-7d
In base 16, what is -9e1 + -4?
-9e5
In base 10, what is 5 + 248784?
248789
In base 14, what is 500 + -7?
4d7
In base 13, what is -67c9c0 + 2?
-67c9bb
In base 12, what is 1193a - 7?
11933
In base 12, what is 1207 + -8?
11bb
In base 2, what is -1000101011101 - -1100001?
-1000011111100
In base 14, what is -5 - 64122?
-64127
In base 9, what is 10 + -884270?
-884260
In base 5, what is 3242 - 14030?
-10233
In base 14, what is a38 - -23?
a5b
In base 5, what is 1 - -3404340?
3404341
In base 10, what is -349 - -4?
-345
In base 15, what is -1b8 - -66?
-152
In base 5, what is -21302 + -44220?
-121022
In base 12, what is 297 - 370?
-95
In base 13, what is 1 + -9432?
-9431
In base 3, what is 1211 - -22211112?
22220100
In base 7, what is 245 - -305?
553
In base 16, what is -bc1 - 4?
-bc5
In base 2, what is -100011100010101101 + -10?
-100011100010101111
In base 12, what is -10a747 + 22?
-10a725
In base 4, what is -1 + 10301231?
10301230
In base 16, what is 29f - -146?
3e5
In base 2, what is -1000000 + -100100010?
-101100010
In base 15, what is -36 - -6e8?
6b2
In base 14, what is 184 + -322?
-17c
In base 8, what is 12 + -